te number?
True
Is 921 a prime number?
False
Is 7763 composite?
True
Is 4313 a prime number?
False
Is 1671 a prime number?
False
Is 46213 a prime number?
False
Is 18923 a composite number?
True
Is 1061 a prime number?
True
Is 70706 prime?
False
Is 21971 prime?
False
Is 1644629 a prime number?
False
Is 13911 composite?
True
Is 12169 composite?
True
Is 2894 composite?
True
Is 14494 prime?
False
Is 28643 composite?
False
Is 1401311 prime?
False
Is 4295 a prime number?
False
Is 33287 composite?
False
Is 1775717 a prime number?
True
Is 115295 a composite number?
True
Is 15061 prime?
True
Is 5779 a prime number?
True
Is 8097 prime?
False
Is 506951 a composite number?
True
Is 3814 a prime number?
False
Is 179099 prime?
True
Is 49597 a composite number?
False
Is 95162 a composite number?
True
Is 2221 prime?
True
Is 218069 composite?
False
Is 82129 a composite number?
False
Is 1361 a composite number?
False
Is 48171 composite?
True
Is 777809 a prime number?
False
Is 21787 composite?
False
Is 3109 a prime number?
True
Is 237581 a prime number?
True
Is 371 a composite number?
True
Is 659363 composite?
True
Is 6337 a prime number?
True
Is 535013 prime?
True
Is 77981 prime?
False
Is 26557 prime?
True
Is 3696755 composite?
True
Is 416107 a prime number?
True
Is 12542 prime?
False
Is 76819 composite?
False
Is 200049 composite?
True
Is 163273 composite?
True
Is 301933 a prime number?
True
Is 261451 prime?
True
Is 26669 a composite number?
False
Is 2237 a composite number?
False
Is 16486 composite?
True
Is 63241 a composite number?
False
Is 1982 composite?
True
Is 81451 prime?
False
Is 16438 prime?
False
Is 247529 composite?
False
Is 43039 a composite number?
True
Is 26587 a composite number?
True
Is 7799 a prime number?
False
Is 9327 a composite number?
True
Is 277787 composite?
False
Is 59329 composite?
True
Is 116953 a composite number?
False
Is 147863 a prime number?
True
Is 49069 prime?
True
Is 31147 composite?
False
Is 281213 prime?
False
Is 5323 prime?
True
Is 1348505 composite?
True
Is 64849 a composite number?
False
Is 984689 a composite number?
False
Is 157 prime?
True
Is 17921 a composite number?
False
Is 63659 prime?
True
Is 9793 a composite number?
True
Is 333691 a composite number?
False
Is 236185 a composite number?
True
Is 1119817 composite?
False
Is 33481 a composite number?
True
Is 162413 prime?
True
Is 207169 a prime number?
True
Is 1681 a prime number?
False
Is 43049 a prime number?
True
Is 140473 a prime number?
True
Is 46547 prime?
False
Is 9235 prime?
False
Is 582419 a composite number?
False
Is 19553 a prime number?
True
Is 16805 a prime number?
False
Is 1239179 prime?
True
Is 943127 a composite number?
False
Is 99893 prime?
False
Is 2411 prime?
True
Is 159141 a composite number?
True
Is 68293 prime?
False
Is 500983 a prime number?
False
Is 292751 prime?
False
Is 520781 a composite number?
True
Is 6143 a prime number?
True
Is 24511 a prime number?
False
Is 2826299 prime?
False
Is 111 a prime number?
False
Is 4271 composite?
False
Is 7763 prime?
False
Is 253 a prime number?
False
Is 76569 a composite number?
True
Is 6947 a prime number?
True
Is 108863 a prime number?
True
Is 2811 a prime number?
False
Is 35491 a prime number?
True
Is 43247 a prime number?
False
Is 538621 prime?
True
Is 529447 a composite number?
True
Is 99277 a composite number?
False
Is 83093 a prime number?
True
Is 136627 composite?
True
Is 14281 a composite number?
False
Is 5079 prime?
False
Is 26327 composite?
True
Is 30389 composite?
False
Is 12197 composite?
False
Is 17657 prime?
True
Is 37279 composite?
True
Is 2293 composite?
False
Is 309697 prime?
False
Is 35779 composite?
True
Is 303323 prime?
True
Is 150031 composite?
True
Is 10843 a composite number?
True
Is 26293 composite?
False
Is 2182 a prime number?
False
Is 1207597 a composite number?
False
Is 21233 a prime number?
False
Is 19111 prime?
False
Is 43 composite?
False
Is 25663 prime?
False
Is 81457 composite?
False
Is 88487 a prime number?
False
Is 2495 a composite number?
True
Is 1198 composite?
True
Is 45299 a prime number?
False
Is 1481 composite?
False
Is 23251 a prime number?
True
Is 14506 a composite number?
True
Is 63383 a composite number?
True
Is 288383 a composite number?
False
Is 2563 a prime number?
False
Is 14239 prime?
False
Is 254249 composite?
False
Is 37771 a composite number?
True
Is 1470197 prime?
False
Is 4271 composite?
False
Is 280753 a composite number?
True
Is 85 a composite number?
True
Is 189479 a prime number?
True
Is 569497 prime?
True
Is 114629 composite?
True
Is 8143 a composite number?
True
Is 24611 composite?
False
Is 90589 a prime number?
False
Is 14447 prime?
True
Is 90494 a composite number?
True
Is 1187023 prime?
True
Is 29257 a composite number?
True
Is 482153 a composite number?
True
Is 1621 composite?
False
Is 44393 a prime number?
False
Is 130719 composite?
True
Is 22045 a composite number?
True
Is 280667 a prime number?
False
Is 13649 composite?
False
Is 224017 a composite number?
True
Is 51349 composite?
False
Is 143053 a composite number?
False
Is 40927 a prime number?
True
Is 111821 a prime number?
True
Is 43889 a prime number?
True
Is 7663 prime?
False
Is 639329 a composite number?
False
Is 136013 prime?
True
Is 6537 a prime number?
False
Is 85193 a composite number?
False
Is 249601 prime?
False
Is 2756587 a prime number?
True
Is 14435 prime?
False
Is 9091 a composite number?
False
Is 16715 composite?
True
Is 51959 a composite number?
True
Is 8779 a prime number?
True
Is 38849 a composite number?
True
Is 2617 prime?
True
Is 2149 a composite number?
True
Is 116189 composite?
False
Is 262583 a composite number?
False
Is 195583 composite?
True
Is 7261 composite?
True
Is 562378 composite?
True
Is 70039 a composite number?
False
Is 26339 composite?
False
Is 18021 a composite number?
True
Is 1360265 composite?
True
Is 3414523 prime?
False
Is 1151 a prime number?
True
Is 231409 a prime number?
True
Is 205099 composite?
True
Is 757571 composite?
True
Is 200593 a composite number?
True
Is 2459 a composite number?
False
Is 197539 composite?
False
Is 30454 prime?
False
Is 3758159 a composite number?
False
Is 19487 prime?
False
Is 367522 prime?
False
Is 406558 a composite number?
True
Is 4567 prime?
True
Is 196139 composite?
False
Is 179357 composite?
False
Is 967 composite?
False
Is 386083 a composite number?
False
Is 7092457 prime?
True
Is 228671 composite?
True
Is 1371431 composite?
False
Is 104903 a prime number?
False
Is 26947 prime?
True
Is 4742 prime?
False
Is 5381 composite?
False
Is 44101 a prime number?
True
Is 938017 prime?
True
Is 226217 a composite number?
False
Is 514 a composite number?
True
Is 534029 composite?
False
Is 241467 composite?
True
Is 58657 composite?
False
Is 403483 composite?
False
Is 25793 composite?
False
Is 18651 composite?
True
Is 2927 composite?
False
Is 7679 composite?
True
Is 428731 a composite number?
False
Is 54343 prime?
False
Is 1232069 a prime number?
True
Is 328093 a prime number?
True
Is 1401659 prime?
False
Is 7861 prime?
False
Is 3037 prime?
True
Is 1193 a composite number?
False
Is 8849 a composite number?
False
Is 17183 a prime number?
True
Is 12619 composite?
False
Is 115293 a composite number?
True
Is 5699 prime?
False
Is 277726 prime?
False
Is 979093 composite?
False
Is 13327 prime?
True
Is 2963139 composite?
True
Is 12439 prime?
False
Is 1024069 composite?
True
Is 1627669 prime?
True
Is 1937 a prime number?
False
Is 2623 a prime number?
False
Is 1201 a composite number?
False
Is 3941 a composite number?
True
Is 4874 composite?
True
Is 4201 a prime number?
True
Is 4054 a composite number?
True
Is 27073 prime?
True
Is 1652543 a prime number?
True
Is 10267 composite?
False
Is 626861 prime?
True
Is 18985 a prime number?
False
Is 1369 composite?
True
Is 28839 prime?
False
Is 671189 a prime number?
True
Is 265 a composite number?
True
Is 40571 a prime number?
False
Is 17247 a prime number?
False
Is 1365163 prime?
True
Is 110441 a composite number?
False
Is 21467 composite?
False
Is 1031 composite?
False
Is 3293497 a composite number?
False
Is 466783 a composite number?
True
Is 11023 a prime number?
False
Is 5737 prime?
True
Is 11657 a composite number?
False
Is 14339 prime?
False
Is 61001 prime?
True
Is 1871 prime?
True
Is 3